e -3 = 3*b, -4*j + 3*b + 10 + 1 = r. List the prime factors of j.
2
Let v = 13 + -9. Suppose -5*k = v*f - 17, 2*k = 4*f + 5 - 15. Suppose -f*h + 4*h = 25. List the prime factors of h.
5
Let z(x) = -5*x**3 - 5*x**2 - 4*x - 2. Let s be z(-3). List the prime factors of s/((-1)/(-3)*6).
2, 5
What are the prime factors of (150104/(-16))/29*2/(-1)?
647
Let w be (-626)/(-13) + (-6)/39. Suppose 2*i - w = -2*x, 0 = -x + 5*i + 33 + 3. Let u = x - 18. List the prime factors of u.
2
Let m(t) = -2*t**2 + 22*t + 25. Let b be m(19). What are the prime factors of (-4)/(-8)*0 - (b + 2)?
277
Let g(r) = r**3 + 9*r**2 + 8*r + 5. Let v be g(-8). Suppose -63 = -3*s - t, 3*s - s + v*t = 29. Let j = 53 - s. List the prime factors of j.
31
Suppose -u = 5*u - 12. Let n be -1 + 6 - 0 - 3. Suppose -n*w + 24 = -u. List the prime factors of w.
13
Suppose 2 = -2*z + 1156. What are the prime factors of z?
577
Suppose 15*u = 24*u - 3618. List the prime factors of u.
2, 3, 67
Suppose -2 = 2*a + 2, 2320 = 2*w + 3*a. What are the prime factors of w?
1163
List the prime factors of ((-3546)/(-27))/(-6*(-5)/270).
2, 3, 197
Suppose 2*u = -u - 675. Let q be (-1)/(-3*3/u). Let t = q + 51. List the prime factors of t.
2, 13
Suppose -80*o + 87*o - 1092 = 0. What are the prime factors of o?
2, 3, 13
Suppose -8*y + 7*y = -447. What are the prime factors of y?
3, 149
Let p = -433 - -681. What are the prime factors of p?
2, 31
Let z(f) = 126*f**2 + 10*f + 26. What are the prime factors of z(-3)?
2, 5, 113
Let r(g) = -3*g**3 - 4*g**2 + 3*g + 27. List the prime factors of r(-6).
3, 19
Let d(y) = 14*y**2 + 2*y + 6. What are the prime factors of d(-2)?
2, 29
Let p = 174 + 124. What are the prime factors of p?
2, 149
Let j = -50 + 693. List the prime factors of j.
643
Suppose a - 4*m = 2*a - 8, 0 = -a - 2*m + 4. Suppose -5*s - 2*y - 5 = -0*y, a = 4*s - 5*y + 37. Let f(i) = 2*i**2 - 5*i - 3. List the prime factors of f(s).
2, 3, 5
Let q be 5 - 0 - 0/3. Suppose -q*b + o + 3*o + 58 = 0, -o = -3*b + 39. What are the prime factors of (-4)/14 - (-214)/b?
3, 5
Suppose 2*j + 1150 = 4*g - 492, 0 = g - 4*j - 407. Suppose -g - 54 = -15*f. List the prime factors of f.
31
Suppose -16*u + 25819 = 11. List the prime factors of u.
1613
Let x(v) = v**2 + 10*v + 44. What are the prime factors of x(-6)?
2, 5
Suppose 27*y - 26*y = 50. Suppose -55*b = -y*b - 1015. List the prime factors of b.
7, 29
Let r be 2/(-9) + (-21)/27. Let y = r + 85. Let u = y - 47. List the prime factors of u.
37
Let b = -8 - -2. What are the prime factors of b/(-4)*(-390)/(-9)?
5, 13
Let u(h) = -17*h + 26. Let t(n) = -51*n + 79. Let r(a) = -4*t(a) + 11*u(a). What are the prime factors of r(9)?
3, 41
Suppose -4*o - 8 + 24 = 0. Suppose o*y - 141 - 27 = 0. Suppose 0 = 4*k - 30 - y. What are the prime factors of k?
2, 3
Suppose -209 + 1379 = 3*j. List the prime factors of j.
2, 3, 5, 13
Suppose -27*y = -32*y + 1090. Suppose 3*p - y + 5 = 0. What are the prime factors of p?
71
Let v(a) = a**3 - a**2 + 9*a + 1. Suppose 0 = -2*i - 4*b + 20, 3*i - b - 6 = b. What are the prime factors of v(i)?
5, 17
Let h(z) = z**2 - 2*z + 15. Let x be h(-7). Let b = x + -19. List the prime factors of b.
59
Suppose -28*s = 7*s - 3745. What are the prime factors of s?
107
Suppose -3*u = u - 2*s - 1894, 3*s = 5*u - 2366. What are the prime factors of u?
5, 19
Suppose -6*n = 57 + 3. Let i(d) = d - 3 + 10*d**2 - d - d + d**3. List the prime factors of i(n).
7
Let z(q) = 32*q + 22. Let h(p) = -13*p - 9. Let l(a) = -12*h(a) - 5*z(a). Let b(t) = -5*t**2 - t - 1. Let c be b(-1). List the prime factors of l(c).
2, 3
Let r = -47 + 84. Let c(u) = u**3 - 8*u**2 + 7*u + 6. Let b be c(6). Let s = r + b. What are the prime factors of s?
13
Let x be -4*(-2 + (-267)/6). Suppose -x = 3*t - 9*t. What are the prime factors of t?
31
Let i(o) = 314*o + 394. List the prime factors of i(8).
2, 1453
Let f(i) = -i**2 + 2*i + 3. Let n be f(3). Let m be n/(-1) + -8 + -154. List the prime factors of m/(-21) - (-2)/7.
2
Let g = -1 - -6. What are the prime factors of ((-4)/g)/(42/(-1785))?
2, 17
Suppose 2*a - 2582 = -4*c, 902 + 2298 = 5*c - 3*a. List the prime factors of c.
643
Let t = -15 + 16. Let a be 2/(1*t/(-30)). Let u = 94 + a. What are the prime factors of u?
2, 17
Let x(g) = 248*g - 4. List the prime factors of x(2).
2, 3, 41
Let b(q) = 89*q - 741. What are the prime factors of b(54)?
3, 5, 271
Let o(y) = -y - 2. Let n be o(-2). Suppose -59*s + 58*s + 24 = n. List the prime factors of s.
2, 3
Let a be -2 + (3 - (-5)/(-5)). Suppose a = -4*p - 8*p + 1164. List the prime factors of p.
97
Let r(i) = 157*i**2 - 9*i - 3. List the prime factors of r(2).
607
Suppose 2*d = -99*r + 101*r + 1274, -2*r - 2558 = -4*d. What are the prime factors of d?
2, 3, 107
Let n = -9 + 12. Suppose -n*f - 1 = -7. Suppose -l + 4*l - 75 = -o, -5*l - f*o + 126 = 0. What are the prime factors of l?
2, 3
Let r(t) = -4*t**3 + 5*t**2 - 3*t + 2. Let k be r(-4). Suppose 5*y + 3*i = k, 172 = 3*y + 2*i - 37. List the prime factors of y.
73
Let s = 10 + -8. Suppose -4*c = 3*b - 4, -4*c + s*b = -0*b - 24. Suppose 101 = c*w - v, -w - w + 48 = 2*v. What are the prime factors of w?
5
Let p be 0 - (0/4)/(-1). Suppose -a + 5*a = p. Suppose 2*t - 2*g - 82 = -2*t, a = 4*g - 4. What are the prime factors of t?
3, 7
Let h(n) = 3*n**2 + 6*n - 2. Let c be (7 - (-8)/(-2))*1. List the prime factors of h(c).
43
Suppose -2*x = -8 + 2. Let c(d) = 4*d**3 - 4*d**2 + 4*d - 5*d**x - 1 - 3*d. List the prime factors of c(-5).
19
Let d(q) = 9*q**2 - 36*q - 7. What are the prime factors of d(7)?
2, 7, 13
Let g(p) = 283*p**3 - 7*p**2 - p + 3. List the prime factors of g(2).
2237
Suppose i + 4*v - 738 = 0, 4*i + 2*v = 2*i + 1458. Suppose -29*o - i = -32*o. What are the prime factors of o?
2, 11
Let s(t) = 871*t**2 + 5*t + 1. What are the prime factors of s(-2)?
5, 139
What are the prime factors of ((-240)/9 - -2)/((-20)/1020)?
2, 17, 37
List the prime factors of ((-8)/6)/(6/(-306)).
2, 17
Let m be ((-9)/6)/((-2)/(-180)). Let q = m + 345. What are the prime factors of q?
2, 3, 5, 7
Suppose 111 - 90 = -21*z. Suppose 30 + 24 = -3*k. Let t = z - k. List the prime factors of t.
17
Suppose -p + u + 2 + 0 = 0, -p - u = 0. Suppose -11 = -5*g - p. Suppose -g*d = -0*d - 16. What are the prime factors of d?
2
Suppose -5*c - 3*y + 573 = -212, 0 = -3*c - 3*y + 471. List the prime factors of c.
157
Let m be ((-8)/10)/(34/(-10) + 3). Suppose 202 = 4*b + 2*y, 2*b - 49 = b - m*y. What are the prime factors of b?
3, 17
Suppose -116148 = -15*v - 34203. List the prime factors of v.
3, 607
Let l(t) = -t + 6. Let p(a) = a - 1. Let c(o) = -l(o) - 2*p(o). Let n be c(-4). Let b(g) = g + 10. List the prime factors of b(n).
2, 5
Suppose 4*r - 4*k - 5624 = 0, 10*r - 6*r = 3*k + 5624. What are the prime factors of r?
2, 19, 37
Suppose 36*s - 30*s - 612 = 0. Suppose q = 406 - s. What are the prime factors of q?
2, 19
List the prime factors of (-874)/((-4)/(-2 + 4)).
19, 23
Suppose -5*v + 3*q - 4 = -17, -2*v = -2*q - 2. Let z(h) = 12*h - 18. List the prime factors of z(v).
2, 3, 7
Suppose -q + 2*b - b = -1653, -2*b = -q + 1656. What are the prime factors of q?
2, 3, 5, 11
Suppose 2*b - 6*b + l = -2605, 0 = -4*b - 2*l + 2614. What are the prime factors of b?
2, 163
Suppose 0 = 5*d + z - 570, z = 4*d + 6*z - 435. Let o = -44 + d. What are the prime factors of o?
71
Let f be -4 + 64 - 0/1. Let r be (f/(-36))/(2/(-6)). Suppose -4*w + 8 = 0, r*w + 4 = -i + 22. What are the prime factors of i?
2
Let q = 7 + -3. Suppose 3*x - 171 = -3*n + 285, 0 = -5*x - n + 748. Suppose 2*r + 4*j = 114, q*r - 91 = 4*j + x. List the prime factors of r.
59
Let a = -16 - -30. Let k = -11 + 13. Let u = a + k. What are the prime factors of u?
2
Suppose -5*x - 3*c + 1 = 3, 4*x - c = -5. Let a(i) = 15*i**2 + 2*i + 1. Let s be a(x). Suppose -s + 83 = 3*u. List the prime factors of u.
23
Let n(s) = -30*s - 19. Let d = 5 - 17. List the prime factors of n(d).
11, 31
Suppose -5*s + 1376 + 1959 = 0. What are the prime factors of s?
23, 29
Let i(p) = 3*p + 2. Let f be i(11). Suppose 8*n - 13*n + f = 0. List the prime factors of n.
7
Let c = 471 + -217. What are the prime factors of c?
2, 127
Let x = 1406 + -936. Let s = x - 130. What are the prime factors of s?
2, 5, 17
Let u = 261 - 149. List the prime factors 